r(z)?
-1
Let m(t) = 4*t. Let u(r) = -2*r**3 + 4*r**2 - 3*r. Let f be u(3). Let y = -28 - f. Determine m(y).
-4
Let r(b) = -b + 6. Let q be 12/(-9)*9/(-2). Let x be r(q). Let t(p) = 6*p + 2. Let u(o) = -o. Let l(m) = t(m) + 5*u(m). Give l(x).
2
Suppose -2*a - 2*d - 16 = 8, 3*d = -4*a - 48. Let z = -9 - a. Let w(c) be the second derivative of -c**3/2 + c**2/2 + c. Calculate w(z).
-8
Let r(s) = -s**2 + 6*s + 9. Let p be r(7). Let y(h) = h**3 + h**2 + 2*h - 3. What is y(p)?
13
Let t(f) be the second derivative of -f**5/20 + 5*f**4/12 + 5*f**3/6 + 7*f**2/2 + 2*f - 13. Let a(m) = -m**3 + 5*m**2 - 4*m + 6. Let j be a(4). Determine t(j).
1
Let f(i) = -13*i + 5 - 2*i + i. Let s(t) = -5*t + 2. Let u be 3*(3 - (-6)/(-3)). Let h(d) = u*f(d) - 8*s(d). Determine h(1).
-3
Let v(r) = -3*r**2 + r + 1. Let w(n) = n - 5. Let z be w(4). Calculate v(z).
-3
Suppose 0 = -4*w - 5*s + 23, -2*s = -0*s - 6. Suppose 0 = w*z - 3*l + 11, 3*z + 3*l + l - 26 = 0. Let d(h) = h**2 + 3*h - 3. Determine d(z).
7
Suppose 2*z = 3*z. Let r be (-2)/(-6) + (-30)/9. Let h(k) = -3*k**3 - 8*k**2 - 2. Let c(v) = -v**3 - 3*v**2 - 1. Let u(f) = r*h(f) + 8*c(f). Give u(z).
-2
Let g(l) = -l**2 + l + 5. Suppose -5 = -2*j + 5. Determine g(j).
-15
Let n(v) be the third derivative of -v**5/6 + v**4/24 + v**3/6 - 7*v**2. Determine n(-1).
-10
Let h be (6/(-12))/((-2)/(-16)). Let f = -3 - h. Suppose -2*y - f = -11. Let q(m) = m + 2. Determine q(y).
7
Let q(k) be the second derivative of -k**5/20 - k**4/6 - k**3/3 + k**2/2 - 6*k. Determine q(-2).
5
Suppose 8 = -3*l + 2*l + 2*v, 2*v - 8 = -l. Let d(r) = -13*r**2 + 2 + 4*r + l + 16*r**2. Give d(-2).
6
Let q(u) = -u - 7. Let x = 53 - 62. What is q(x)?
2
Let w(b) = -2*b + 1. Let i be w(-1). Suppose 0*c = -i*c. Suppose c = -o - o - 8. Let n(u) = u - 3. What is n(o)?
-7
Let t(l) = l**2 + 2*l - 2. Let g(n) = n**2 + 10*n - 3. Let z(v) = -4*v - 2. Let u be z(2). Let x be g(u). Determine t(x).
1
Let k(g) = -3*g**3 + 9*g**2 + g + 9. Let r(z) = -z**3 + 1. Let d(p) = -k(p) + 4*r(p). Calculate d(-9).
4
Let i(h) = h**3 + 10*h**2 + 9*h + 6. Let j be i(-9). Let n(u) = -j + u**3 + 2*u - 3*u - 1. What is n(0)?
-7
Let g = -4 + 9. Suppose g*a - 3*a = 0. Let j(f) be the first derivative of -f**2/2 - f - 18. Calculate j(a).
-1
Suppose 1 + 7 = -4*o. Let l(n) = 2*n + 2. What is l(o)?
-2
Let l(s) be the second derivative of s**4/12 + s**3 + 3*s**2/2 - s. Suppose 2*x - 3*p = x - 15, -4*x + 10 = 2*p. Let m = x + -4. Determine l(m).
-5
Suppose -m + 18 = 3*r + 3*m, -5*m - 12 = -2*r. Let u(p) = p**3 - 7*p**2 + 6*p - 8. What is u(r)?
-8
Suppose n + 8 = -3*n, 5*d = -n - 2. Let o(a) = d + 1 - a**2 - a**2 + 4*a**2. Determine o(1).
3
Let w(y) be the second derivative of y**5/20 - y**4/3 + y**3/2 - y**2/2 - 11*y. Give w(3).
-1
Let x(a) = -a**2 - 8*a - 7. Let l(o) = -o - 17. Let f be l(-10). Determine x(f).
0
Let p(v) be the third derivative of 0 + 1/60*v**5 - v**2 + 0*v + 0*v**3 + 1/12*v**4. What is p(-2)?
0
Let q(h) be the first derivative of -h**3/3 - 4*h**2 + 6*h + 1. Let a be q(-9). Let d(u) = u + 5. Give d(a).
2
Let g(a) be the third derivative of -a**6/120 + 2*a**5/15 - a**4/4 - a**3/6 - 27*a**2. Calculate g(7).
6
Let d(n) be the first derivative of n**4/12 - 5*n**3/6 + n**2 + 2*n + 3. Let v(t) be the first derivative of d(t). What is v(3)?
-4
Let h(c) = c**2 + 4*c - 2. Let i be h(-5). Let m(n) = -i*n - n - 6*n**3 + 5*n. Let u = 1 + -2. Give m(u).
5
Let y(z) = -z**3 - 6*z**2 - 4*z + 3. Let j = -117 - -113. Give y(j).
-13
Let g(t) = -t**2 + 3*t**2 - 2*t - 5*t - 3*t**2 + 5. What is g(-8)?
-3
Suppose 5*j + 29 = -4*i, 4*j + 17 = 4*i + 1. Let o(m) = -2*m - 5. What is o(j)?
5
Let z(d) = -19*d**2 + 7*d - 6. Let a(v) = 20*v**2 - 8*v + 7. Let s(t) = -6*a(t) - 7*z(t). Suppose -3*r + 522 - 525 = 0. Calculate s(r).
14
Let a(l) = l**3 + l**2 - l - 1. Let n(u) = 5*u**3 + u**2 - 8*u - 5. Let b(r) = 6*a(r) - n(r). What is b(-4)?
7
Suppose -t - 8 = -2*t - 2*l, -t + 4*l - 10 = 0. Let z(c) be the second derivative of c**5/20 - c**4/6 - c**3/2 + c**2/2 - c. Give z(t).
-5
Let v(b) = 16*b**2 - 2*b + 1. Suppose 0 = -p - 1, 4*u - 11 + 9 = -2*p. What is v(u)?
15
Let q(u) = u**2 - u - 1. Let i be (9/(-6))/(2/(48/(-9))). Determine q(i).
11
Let o be 6/5 - (-1)/(-5). Let i(x) be the third derivative of -x**6/40 + x**5/60 + 2*x**2. Calculate i(o).
-2
Suppose 6 = -12*v + 18*v. Let t(g) = 11*g**2 - g + 1. Determine t(v).
11
Let q(r) = -6*r + 20. Let x(p) = 2*p - 7. Suppose 5*g - 2*h + 60 = 6*g, 0 = -2*g + 4*h + 152. Suppose 2*b = 6*b + g. Let c(z) = b*x(z) - 6*q(z). Calculate c(4).
7
Let k(b) = b**3 - 3*b**2 - b - 2. Let r(h) = -h**3 - 2*h**2 - 5. Let z be r(-3). Suppose i - z = -1. Determine k(i).
-5
Let s(h) be the third derivative of h**4/12 - 13*h**3/6 - 50*h**2. Determine s(9).
5
Let l(b) = 7*b**3 + 8*b**2 + b - 1. Let h(d) = -3*d**3 - 4*d**2. Let x(k) = 9*h(k) + 4*l(k). Determine x(3).
-1
Let r(x) = 3*x**3 + 27*x**2 - 23*x - 23. Let c(o) = -4*o**3 - 40*o**2 + 34*o + 34. Let f(m) = -5*c(m) - 7*r(m). Calculate f(10).
1
Let w(y) = -y**2 + y + 13. Let i(j) = -2*j**2 + 3*j + 27. Let v = 10 - 23. Let g(t) = v*w(t) + 6*i(t). Determine g(-5).
-7
Let q(t) = -5*t + 4*t - 2 + 3 + 1 - 3*t**2. Calculate q(-2).
-8
Let o(i) = i**3 - 6*i**2 - 7*i + 4. Let q be o(7). Let n(p) = p - 4. Determine n(q).
0
Suppose -2*h = -3*h - 1. Let j be h - (0 - -2 - 7). Let y be (j/(-2))/(4/10). Let a(o) = -o. Calculate a(y).
5
Let p(x) be the first derivative of -x**4/2 - x**3/3 + x**2 - x + 2. Suppose -4*g + 7*g = 3. Calculate p(g).
-2
Let g(w) = w + 1. Let j(f) = 6*f + 7. Let r(p) = -4*g(p) + j(p). Give r(-5).
-7
Let k(o) = -o - 4. Let w be k(-6). Let j(d) = w*d - 1 + 1 - 2. Calculate j(2).
2
Let n(r) = -r**3 - 5*r**2 + 7*r + 9. Let p be n(-6). Let z(x) = -2*x + 2*x**p - 2*x**2 + 0*x**3 - x**3 - 4. Let i(c) = 2*c + 1. Let v be i(1). Calculate z(v).
-1
Let z(v) = -v**3 - v**2 + 3*v + 3. Let i be z(-2). Let d(y) = -2*y - 5*y - i + 5*y. Suppose 5*s + 8 + 12 = 0. Calculate d(s).
7
Let n(i) = i - 4. Let v be (12/16)/((-1)/(-8)). Suppose 3*c + 9 = v*c. Calculate n(c).
-1
Let j(l) = 3*l**2 + 8*l + 5. Suppose 7*d - 2*d = 10. Let n(p) = p**2 + 4*p + 3. Let g(i) = d*j(i) - 5*n(i). What is g(5)?
0
Let d(j) = j - 5. Let y(z) = z**3 - 10*z**2 - 10*z - 5. Let w be y(11). Let v be 20/w*6/4. Determine d(v).
0
Let r = -4 + 12. Suppose 0 = k + 2*i - r, 5*k - 5*i = -3 - 2. Let l(u) = u - 2. Give l(k).
0
Let y = -10 + 17. Let v = y + -6. Let l(p) = -2*p. Determine l(v).
-2
Let j = -5 + 16/3. Let l(r) be the first derivative of -3 + 0*r**2 + j*r**3 + 10*r. Calculate l(0).
10
Let v(f) = -3 - 4 + 3 + f + 2. Suppose 3*s + 6 + 9 = 0. Give v(s).
-7
Let a(n) be the second derivative of n**4/12 - n**3/6 - n**2 + 44*n. What is a(-3)?
10
Let l(g) be the second derivative of -g**3/6 - g**2/2 - 59*g. Give l(-10).
9
Let m(v) = -4*v + v**3 - 2 + 2*v**3 - 4*v**3 - 6*v**2. Give m(-5).
-7
Suppose -2*p = -4*p. Suppose p = -2*s - 3*h + 8, 0*s - h = 2*s. Let k(y) = y**2. What is k(s)?
4
Let d = 12 + -16. Let j(u) be the first derivative of u**4/4 + 4*u**3/3 - 3*u - 1. What is j(d)?
-3
Let z(w) be the first derivative of -w**3/3 - w**2/2 + 5*w - 5. Calculate z(0).
5
Let g be 3/2*(12 + 2). Let d(w) = w**2 + 4*w - 4. Let f be d(-5). Suppose -g = -4*o - f. Let n(q) = q**3 - 6*q**2 + 4*q. What is n(o)?
-5
Let h(l) = -2*l + 8 + 6*l - 9*l - l + l**2. Determine h(6).
8
Let v(i) = -8 - 2*i + 3*i - 3 + 9 - i**2. Suppose 5*p + 30 = -0*p. Let a be (-4)/p - (-4)/(-6). Give v(a).
-2
Suppose -4*w + 10 = w. Let d(n) be the first derivative of 10*n + 1 - 1/2*n**w. Determine d(0).
10
Let t(v) be the second derivative of -v**5/20 - 5*v**4/12 - v**3/3 - v**2 - 2*v. Let r = -5 - -10. Suppose -3*q - 3*p - 18 = -p, -3*q + r*p + 3 = 0. Give t(q).
-10
Let h(c) be the second derivative of -c**5/20 - 7*c**4/12 + c**3/3 + 9*c**2/2 + 2*c. Determine h(-7).
-5
Let s(c) be the second derivative of c**3/6 + 7*c**2/2 + 6*c. Give s(0).
7
Let m(g) be the first derivative of g**3/3 - g**2 - 5*g + 1. Let u be m(4). Let i(t) = -2*t + 3. Calculate i(u).
-3
Let x be 2/(-6)*(-44 + -1). Let o(i) = 6 - x + 6*i + 2 + i**2. Give o(-6).
-7
Let b(c) = c**2 + 4. Let v(i) = 1. Let x(o) = -2*b(o) + 10*v(o). Calculate x(2).
-6
Let s(c) be the first derivative of c**4/4 + 2*c**3/3 - c - 14. Determine s(1).
2
Let x(u) = -u*